of 31454203?
5
What is the millions digit of 13549835?
3
What is the units digit of 9083050?
0
What is the ten thousands digit of 70894?
7
What is the thousands digit of 242694?
2
What is the millions digit of 1659176?
1
What is the thousands digit of 3325648?
5
What is the thousands digit of 9572683?
2
What is the ten thousands digit of 466586?
6
What is the ten thousands digit of 372201?
7
What is the tens digit of 25450766?
6
What is the hundred thousands digit of 21250932?
2
What is the tens digit of 475610?
1
What is the hundreds digit of 375286?
2
What is the hundred thousands digit of 927196?
9
What is the hundreds digit of 21393084?
0
What is the ten thousands digit of 345927?
4
What is the millions digit of 7451217?
7
What is the hundred thousands digit of 7225013?
2
What is the millions digit of 3041029?
3
What is the hundred thousands digit of 5298286?
2
What is the ten thousands digit of 30349?
3
What is the hundred thousands digit of 4291312?
2
What is the thousands digit of 9376269?
6
What is the thousands digit of 10944383?
4
What is the thousands digit of 14197204?
7
What is the ten thousands digit of 50069?
5
What is the ten thousands digit of 11858517?
5
What is the ten thousands digit of 66048?
6
What is the millions digit of 5316920?
5
What is the hundreds digit of 1084004?
0
What is the hundreds digit of 596460?
4
What is the units digit of 2821843?
3
What is the thousands digit of 108125?
8
What is the ten thousands digit of 13323776?
2
What is the ten thousands digit of 710612?
1
What is the ten thousands digit of 283332?
8
What is the hundreds digit of 577394?
3
What is the tens digit of 499416?
1
What is the tens digit of 4338877?
7
What is the hundred thousands digit of 910198?
9
What is the tens digit of 7696401?
0
What is the millions digit of 9185108?
9
What is the units digit of 6651819?
9
What is the millions digit of 29109160?
9
What is the ten thousands digit of 36949723?
4
What is the thousands digit of 586505?
6
What is the hundred thousands digit of 190516?
1
What is the tens digit of 7374913?
1
What is the thousands digit of 3244624?
4
What is the thousands digit of 6421978?
1
What is the hundreds digit of 20915095?
0
What is the hundreds digit of 959838?
8
What is the thousands digit of 284912?
4
What is the hundred thousands digit of 1635523?
6
What is the ten millions digit of 14599881?
1
What is the ten thousands digit of 8326019?
2
What is the ten thousands digit of 901936?
0
What is the ten thousands digit of 18422286?
2
What is the hundreds digit of 594933?
9
What is the hundreds digit of 4057311?
3
What is the hundreds digit of 58036?
0
What is the tens digit of 4323587?
8
What is the hundred thousands digit of 317113?
3
What is the hundred thousands digit of 19071582?
0
What is the tens digit of 199673?
7
What is the units digit of 30974?
4
What is the thousands digit of 51023?
1
What is the tens digit of 5046954?
5
What is the thousands digit of 6367658?
7
What is the thousands digit of 137224?
7
What is the hundreds digit of 86626?
6
What is the hundred thousands digit of 2808863?
8
What is the units digit of 1374896?
6
What is the ten millions digit of 29869447?
2
What is the thousands digit of 129383?
9
What is the thousands digit of 1305418?
5
What is the hundreds digit of 4194865?
8
What is the tens digit of 9670?
7
What is the units digit of 16488304?
4
What is the hundred thousands digit of 335874?
3
What is the thousands digit of 345673?
5
What is the hundreds digit of 12986000?
0
What is the units digit of 309524?
4
What is the units digit of 4819932?
2
What is the ten thousands digit of 171134?
7
What is the units digit of 586404?
4
What is the tens digit of 7982801?
0
What is the units digit of 207778?
8
What is the ten thousands digit of 26748?
2
What is the thousands digit of 3303656?
3
What is the thousands digit of 18581223?
1
What is the tens digit of 116685?
8
What is the ten thousands digit of 549423?
4
What is the tens digit of 12159237?
3
What is the hundred thousands digit of 1716986?
7
What is the hundreds digit of 621085?
0
What is the tens digit of 540897?
9
What is the ten thousands digit of 555746?
5
What is the units digit of 1633954?
4
What is the ten thousands digit of 135812?
3
What is the thousands digit of 507572?
7
What is the hundred thousands digit of 2347425?
3
What is the tens digit of 1395863?
6
What is the hundred thousands digit of 10231972?
2
What is the units digit of 7656415?
5
What is the tens digit of 327165?
6
What is the units digit of 969402?
2
What is the ten thousands digit of 76954?
7
What is the tens digit of 19184577?
7
What is the ten thousands digit of 219678?
1
What is the units digit of 3292723?
3
What is the thousands digit of 17891?
7
What is the millions digit of 2489284?
2
What is the hundreds digit of 1205276?
2
What is the thousands digit of 5305600?
5
What is the ten thousands digit of 628095?
2
What is the units digit of 1157689?
9
What is the ten thousands digit of 9483486?
8
What is the hundreds digit of 95360?
3
What is the hundred thousands digit of 229697?
2
What is the units digit of 6725077?
7
What is the units digit of 199985?
5
What is the hundred thousands digit of 1322065?
3
What is the hundreds digit of 161476?
4
What is the ten thousands digit of 35348?
3
What is the units digit of 1031067?
7
What is the thousands digit of 1642761?
2
What is the hundred thousands digit of 433628?
4
What is the ten thousands digit of 321557?
2
What is the units digit of 5455493?
3
What is the hundred thousands digit of 7466007?
4
What is the ten thousands digit of 405545?
0
What is the ten millions digit of 26084189?
2
What is the hundred thousands digit of 6043953?
0
What is the thousands digit of 6752376?
2
What is the hundred thousands digit of 21466282?
4
What is the units digit of 332506?
6
What is the hundreds digit of 1634852?
8
What is the units digit of 228719?
9
What is the units digit of 7405870?
0
What is the hundreds digit of 35734?
7
What is the tens digit of 4516847?
4
What is the units digit of 490959?
9
What is the hundred thousands digit of 258550?
2
What is the units digit of 2842167?
7
What is the ten thousands digit of 911891?
1
What is the millions digit of 4681654?
4
What is the tens digit of 17537471?
7
What is the ten thousands digit of 1796407?
9
What is the hundreds digit of 155455?
4
What is the thousands digit of 509899?
9
What is the ten thousands digit of 20033943?
3
What is the thousands digit of 556022?
6
What is the hundred thousands digit of 1290479?
2
What is the thousands digit of 26114494?
4
What is the thousands digit of 215268?
5
What is the units digit of 283476?
6
What is the hundred thousands digit of 238275?
2
What is the tens digit of 1044976?
7
What is the tens digit of 549070?
7
What is the millions digit of 2548522?
2
What is the millions digit of 4335764?
4
What is the ten thousands digit of 176344?
7
What is the hundred thousands digit of 918678?
9
What is the millions digit of 3903201?
3
What is the thousands digit of 2964830?
4
What is the ten thousands digit of 7454421?
5
What is the hundred thousands digit of 14543884?
5
What is the ten millions digit of 24927284?
2
What is the tens digit of 1024368?
6
What is the thousands digit of 17790073?
0
What is the ten thousands digit of 9911627?
1
What is the tens digit of 578307?
0
What is the hundred thousands digit of 1053033?
0
What is the millions digit of 1513877?
1
What is the units digit of 1034099?
9
What is the hundreds digit of 7408172?
1
What is the tens digit of 127180?
8
What is the hundreds digit of 84934?
9
What is the units digit of 489976?
6
What is the hundred thousands digit of 5783267?
7
What is the hundreds digit of 51831?
8
What is the tens digit of 34930?
3
What is the ten thousands digit of 445804?
4
What is the tens digit of 950209?
0
What is the tens digit of 17824?
2
What is the hundreds digit of 5443540?
5
What is the hundreds digit of 171499?
4
What is the ten thousands digit of 8498928?
9
What is the ten thousands digit of 1055227?
5
What is the units digit of 10770530?
0
What is the thousands digit of 664167?
4
What is the hundreds digit of 2902240?
2
What is the hundred thousands digit of 168329?
1
What is